- -4. What are the prime factors of 45/v*36/10?
3
Let y = -163 + 186. List the prime factors of y.
23
Let i(g) = -g - 3. Let v be i(-5). Suppose 0 = -4*z + 5*y + 17, v*z + 2*y - 4 = -0*y. List the prime factors of z.
3
Suppose s - c - 29 = 31, -3*s + c = -180. List the prime factors of s.
2, 3, 5
What are the prime factors of -1*(-88 - (5 + 0))?
3, 31
Let v(p) = -3*p**3 - 1 - 5*p**2 + 6*p - 2*p**3 + 6*p**3 - 4. What are the prime factors of v(4)?
3
Let o = -23 - -13. Let v = 1 - o. List the prime factors of v.
11
Let t = -1 + 3. Let z be 3*(t - (-2)/(-3)). List the prime factors of (z - 2)/((-1)/(-4)).
2
Let r(m) = -m**2 - 7*m - 6. Suppose 5*n + 2 = -23. What are the prime factors of r(n)?
2
Suppose 2*r = 3*r + 5*o + 12, 0 = o + 3. Suppose 4*f - q = 17 - 1, -5*f + 2*q = -23. Suppose r*z - 5*a - 4 = 0, -4*a = -13 - f. What are the prime factors of z?
2
Suppose g + c = -4, 2*c + 7 - 2 = g. Let d = -1 - g. What are the prime factors of (-1 - d)*(0 - 6)?
2, 3
Let k(o) = o**2 - 4*o + 4. Let a be k(4). Suppose 3*h = a*h - 21. Suppose -1 + h = 5*q. List the prime factors of q.
2
Let h(d) = -d - 1. Let o be 0/(1 + -3) + 1. Let f(m) = -5*m - 7. Let c(v) = o*f(v) - 6*h(v). What are the prime factors of c(4)?
3
List the prime factors of ((-18)/(-8))/((-6)/(-40)).
3, 5
Let y(l) = -l**2 + l + 28. What are the prime factors of y(0)?
2, 7
Suppose 2*b + b - 18 = 0. Suppose 3*u - 4*m = 8, -u + b = -0*u + 2*m. Suppose -2*z = -u*t + 25 - 7, 2*z = -5*t + 36. What are the prime factors of t?
2, 3
Suppose 0 = 3*f + 1 - 16. Suppose -l + 3*o = -29, -f*l + 2*l = 2*o - 43. Let q = -3 + l. What are the prime factors of q?
2, 7
Suppose -4*x + 45 = 5*v, v - 5*x + 4*x = 0. What are the prime factors of v?
5
Let u(c) = -3*c - 14. Let x = -12 - -1. List the prime factors of u(x).
19
Suppose -2*j + 290 = -5*o, -4*o - 290 = -j - j. What are the prime factors of j?
5, 29
Let h = -3 + 1. Let g = 25 - 15. Let p = g + h. List the prime factors of p.
2
Suppose 4*p = -4*s - 7 + 3, 0 = -2*s - 10. Suppose p*b = 9 + 15. Suppose 0 = q + q - b. List the prime factors of q.
3
Let t be 126/8 + (-3)/4. Let a(s) = -s**3 + 3*s**2 + s + 2. Let l be a(4). Let h = t + l. List the prime factors of h.
5
Let x be -3 + (14 - (1 + -3)). Suppose -4*g + 21 = -a, -5*g + x = 2*a + 3. Suppose 0 = -d - 0*c + 3*c + 17, 3*c = -g*d + 23. List the prime factors of d.
2
Let s be ((-292)/(2*-1))/1. Suppose -s = -2*o + 46. What are the prime factors of ((-1)/2)/((-8)/o)?
2, 3
Let n(f) = 0 + 12*f + 2 - 7. List the prime factors of n(2).
19
Suppose -d - 58 = -4*n + 150, 5*d + 20 = 0. List the prime factors of n.
3, 17
Suppose 8*o = 3*o + 30. Let y(k) = 6*k**2 - k**3 + 0*k + 4 + 0*k. What are the prime factors of y(o)?
2
Let a(z) = 55*z**2. List the prime factors of a(1).
5, 11
Suppose -51 = 3*c + 5*s, s = 2*c - 4*c - 27. Let i = c - -22. What are the prime factors of i?
2, 5
List the prime factors of 124/3 + (-2)/6.
41
Suppose 0*g = 2*g - 20. Let x = g + 17. What are the prime factors of x?
3
Let o be -20*(-1)/(5/(-2)). Let y = 15 - o. List the prime factors of y.
23
Let b = 0 + 2. Suppose b*g + g = 30. List the prime factors of g.
2, 5
Let t be 1*(-7*1)/(-1). Suppose t*i = 3*i + 432. List the prime factors of 4/14 - i/(-14).
2
Let c be (-33)/(-4) - (-4)/(-16). Let a = c - 5. Suppose a*k + 1 = 31. List the prime factors of k.
2, 5
Suppose 0 = 5*v + 20, -4*h + 2*v = -3*v. Let a = 8 + h. What are the prime factors of a?
3
Let w(b) = b**2 - 11*b + 15. Let k be w(10). Suppose 4*l - 5*r + r = 72, -90 = -k*l - 3*r. List the prime factors of l.
2, 3
Suppose 4*d - 35 - 917 = 0. What are the prime factors of d?
2, 7, 17
Let j(y) = 3*y - 6. What are the prime factors of j(12)?
2, 3, 5
Let s(p) = -18*p - 1. Let b be s(-1). Let q = -4 + b. What are the prime factors of q?
13
Suppose -2*x - 2*w + 12 + 0 = 0, -22 = -x + 3*w. List the prime factors of x.
2, 5
Let z(i) = -2*i**3 - 7*i**2 - 10*i - 22. What are the prime factors of z(-7)?
17, 23
List the prime factors of 2/(-8)*6*-6.
3
Suppose -o = 5*j - 50 - 50, -5*j - 3*o + 100 = 0. What are the prime factors of j?
2, 5
Suppose v = -4*n + 23, 0*n = -n + 3*v + 9. Let t = n + -2. Suppose 9 = 4*q - 7, -t*f = -3*q - 16. What are the prime factors of f?
7
Suppose 4*i + 3 = -9, -3*i = 5*s - 336. List the prime factors of s.
3, 23
Let c = 1 + -3. Let s = 0 + c. What are the prime factors of 16/4 - s/2?
5
Suppose -36 - 6 = -7*u. List the prime factors of u.
2, 3
Let m = -2 + 2. Suppose 4*l - 32 = -m*l. Let p = l - 4. What are the prime factors of p?
2
Let z(y) = -y**2 - 5*y - 1. Let d = -6 + 3. Let w be z(d). Suppose -c = t + 1, t = w*c + 14 + 9. List the prime factors of t.
3
Let i = 26 + -14. Let d be 38/i + 5/(-30). What are the prime factors of ((-1)/d)/((-2)/12)?
2
List the prime factors of 26/(-65) - (-222)/5.
2, 11
Let n(u) = -u - 4. Let q = 8 + -16. Let j be n(q). Suppose -j*l - l = -20. What are the prime factors of l?
2
Let r(o) = -o**3 - 8*o**2 - 7*o + 9. Suppose -2*w - 4 + 5 = -s, 0 = -5*w + 3*s. Suppose -w - 4 = t. What are the prime factors of r(t)?
3
Suppose 2*q = -2*s + 3*s + 91, 176 = 4*q - 4*s. List the prime factors of q.
47
Let n(u) = 2*u + 15. Let w be n(-7). Suppose w = p - 1. What are the prime factors of p?
2
Let z(p) = p**2 + 5*p - 16. Let k be z(-9). Let b = k - 17. What are the prime factors of b?
3
Suppose 0 = -0*n + 4*n + 3*b - 18, 0 = -4*n - 5*b + 14. Suppose 3*v - 5 = -2*v. Let m = v + n. What are the prime factors of m?
7
Let q(r) = r**2 - 2*r + 2. Let y be q(5). Let b = -12 + y. What are the prime factors of b?
5
Let j = -16 - -104. Let d = j + -37. List the prime factors of d.
3, 17
Let v = -23 - -39. Suppose -v = -0*t - 2*t. List the prime factors of t.
2
Let c be 20/((-7)/(-3) - 2). Suppose 0 = -8*d + 3*d + c. List the prime factors of d.
2, 3
Suppose -43 = -5*w + 62. Let i be (-2)/(-3) + 14/6. Suppose -2*a = i*f - w, 3*f + 27 = -0*a + 2*a. What are the prime factors of a?
2, 3
Let z(i) = i**2 - 19*i - 1. What are the prime factors of z(24)?
7, 17
Let p(l) = 3*l**2 + 9*l - 9. Let t be p(-8). Suppose -t = -4*s + 17. What are the prime factors of s?
2
Let o = -5 + 12. Let k = 17 - o. What are the prime factors of k?
2, 5
Suppose 3*z = 8*z - 205. What are the prime factors of z?
41
Let y = 3 - 2. Let x be y/(((-4)/5)/(-4)). Suppose -5*q - 3*w + 13 = -2, x*q + w - 15 = 0. What are the prime factors of q?
3
Suppose 4*i + 5*u = 471, 0*u + 2*u + 336 = 3*i. List the prime factors of i.
2, 3, 19
Let o = 4 - 3. Let q be 1 + 0 + (-15)/o. List the prime factors of ((-7)/q)/(1/12).
2, 3
Suppose -4*a + 100 - 28 = 0. List the prime factors of a.
2, 3
Suppose 7*u = 4*u + 447. What are the prime factors of u?
149
Let j = -61 + 119. List the prime factors of j.
2, 29
List the prime factors of 8/20 - (-2240)/25.
2, 3, 5
Let t be 80/5*6/4. Suppose 0 = 3*b + b - t. List the prime factors of b.
2, 3
Let n be 1*(-2)/(-6)*471. Suppose 93 = 5*q - n. List the prime factors of q.
2, 5
Suppose -h + 25 = 4*h. Suppose -4*v - 20 = 0, 2 = -b - h*v - 12. List the prime factors of b.
11
Let k(i) = -i**2 - 18*i + 7. What are the prime factors of k(-14)?
3, 7
Suppose -3*x - 25 = 4*v - 0, 2*x - 37 = 5*v. Let c = v - -16. What are the prime factors of c?
3
Suppose 4*g = -39 - 5. Let n(j) = j**3 + 11*j**2 + j + 16. Let u be n(g). Suppose -o - 76 = -u*o. List the prime factors of o.
19
Let d(v) = v**2 - v - 3. Let l be d(3). Suppose -8 - l = -o. What are the prime factors of o?
11
Let s = -24 + 125. List the prime factors of s.
101
List the prime factors of ((-6)/4)/(0 + -3)*168.
2, 3, 7
List the prime factors of ((-4)/(-8)*1)/((-4)/(-176)).
2, 11
Suppose -4*m + 41 = -31. What are the prime factors of m?
2, 3
Let g(s) = 14*s - 5. Let b be g(6). Suppose 5*u = -l + 5*l + b, 4*l = 4*u - 76. What are the prime factors of (l/(-10))/(6/45)?
2, 3
Suppose -3*z + 8*z - 90 = -3*q, -z - 2*q = -11. What are the prime factors of z?
3, 7
Let f = 5 + -5. List the prime factors of f - -11 - 2 - 3.
2, 3
Let f(v) = 4*v**2 + 1. Let h be f(-1). Let b = 8 - h. Suppose -o = 2, m = 4*m + b*o - 27. What are the prime factors of m?
11
Let p(c) = -c**3 + 5*c**2 + c + 5. List the prime factors of p(4).
5
Let w be 20/8 + (-1)/2. Suppose -w*y + y = -3*q, 0 = 4*q - 2*y. List the prime factors of 16/2 - (-3 + q).
11
L